{"id":216,"date":"2013-03-14T18:51:35","date_gmt":"2013-03-14T17:51:35","guid":{"rendered":"http:\/\/emmanuelgaye.fr\/lepetitcaboulot\/?page_id=216"},"modified":"2026-04-04T11:35:06","modified_gmt":"2026-04-04T10:35:06","slug":"formule-midi","status":"publish","type":"page","link":"https:\/\/restaurant-lesailes.com\/index.php\/formule-midi\/","title":{"rendered":"Formule Midi"},"content":{"rendered":"\n<p class=\"has-text-align-center\"><em>Formule servie uniquement le midi du lundi<br>au vendredi hors jour f\u00e9ri\u00e9<\/em><\/p>\n\n\n\n<p class=\"has-text-align-center\"><\/p>\n\n\n\n<p class=\"has-text-align-center\">Entr\u00e9e du Jour<\/p>\n\n\n\n<p class=\"has-text-align-center\">Carpaccio de Betteraves Jaunes Cr\u00e8me au Bleu<\/p>\n\n\n\n<p class=\"has-text-align-center\">Velout\u00e9 de Carottes, Cr\u00e8me Cumin<\/p>\n\n\n\n<hr class=\"wp-block-separator has-alpha-channel-opacity\"\/>\n\n\n\n<p class=\"has-text-align-center\">Morceaux du Boucher<br>Plat du Jour<br>Vol au Vent de L\u00e9gumes<br>Poisson Frais du March\u00e9<\/p>\n\n\n\n<hr class=\"wp-block-separator has-alpha-channel-opacity\"\/>\n\n\n\n<p class=\"has-text-align-center\">Dessert du Jour<\/p>\n\n\n\n<p class=\"has-text-align-center\">Pana Cotta au Chocolat<\/p>\n\n\n\n<p class=\"has-text-align-center\">G\u00e2teau Ananas<br>Caf\u00e9 ou Th\u00e9 Gourmand (Suppl 3,90\u20ac)<\/p>\n\n\n\n<hr class=\"wp-block-separator has-css-opacity\"\/>\n\n\n\n<p class=\"has-text-align-center\"><strong>Sur Place<br>Entr\u00e9e + Plat + Dessert =19.00\u20ac<br>Entr\u00e9e + Plat ou Plat + Dessert = 16,50 \u20ac<\/strong><\/p>\n\n\n\n<p class=\"has-text-align-center\"><strong>A Emporter<br>-10%<\/strong><\/p>\n","protected":false},"excerpt":{"rendered":"<p>Formule servie uniquement le midi du lundiau vendredi hors jour f\u00e9ri\u00e9 Entr\u00e9e du Jour Carpaccio de Betteraves Jaunes Cr\u00e8me au Bleu Velout\u00e9 de Carottes, Cr\u00e8me Cumin Morceaux du BoucherPlat du JourVol au Vent de L\u00e9gumesPoisson Frais du March\u00e9 Dessert du Jour Pana Cotta au Chocolat G\u00e2teau AnanasCaf\u00e9 ou Th\u00e9 Gourmand (Suppl 3,90\u20ac) Sur PlaceEntr\u00e9e + &hellip; <\/p>\n<p class=\"link-more\"><a href=\"https:\/\/restaurant-lesailes.com\/index.php\/formule-midi\/\" class=\"more-link\">Lire la suite de<span class=\"screen-reader-text\">\u00ab\u00a0Formule Midi\u00a0\u00bb<\/span><\/a><\/p>\n","protected":false},"author":1,"featured_media":0,"parent":0,"menu_order":0,"comment_status":"closed","ping_status":"closed","template":"","meta":{"jetpack_post_was_ever_published":false,"footnotes":""},"class_list":["post-216","page","type-page","status-publish","hentry"],"jetpack_sharing_enabled":true,"jetpack_shortlink":"https:\/\/wp.me\/P7RqaO-3u","jetpack-related-posts":[],"_links":{"self":[{"href":"https:\/\/restaurant-lesailes.com\/index.php\/wp-json\/wp\/v2\/pages\/216"}],"collection":[{"href":"https:\/\/restaurant-lesailes.com\/index.php\/wp-json\/wp\/v2\/pages"}],"about":[{"href":"https:\/\/restaurant-lesailes.com\/index.php\/wp-json\/wp\/v2\/types\/page"}],"author":[{"embeddable":true,"href":"https:\/\/restaurant-lesailes.com\/index.php\/wp-json\/wp\/v2\/users\/1"}],"replies":[{"embeddable":true,"href":"https:\/\/restaurant-lesailes.com\/index.php\/wp-json\/wp\/v2\/comments?post=216"}],"version-history":[{"count":284,"href":"https:\/\/restaurant-lesailes.com\/index.php\/wp-json\/wp\/v2\/pages\/216\/revisions"}],"predecessor-version":[{"id":6390,"href":"https:\/\/restaurant-lesailes.com\/index.php\/wp-json\/wp\/v2\/pages\/216\/revisions\/6390"}],"wp:attachment":[{"href":"https:\/\/restaurant-lesailes.com\/index.php\/wp-json\/wp\/v2\/media?parent=216"}],"curies":[{"name":"wp","href":"https:\/\/api.w.org\/{rel}","templated":true}]}}