{"id":181,"date":"2013-03-14T18:22:26","date_gmt":"2013-03-14T17:22:26","guid":{"rendered":"http:\/\/emmanuelgaye.fr\/lepetitcaboulot\/?page_id=181"},"modified":"2016-09-03T12:01:59","modified_gmt":"2016-09-03T11:01:59","slug":"cgv","status":"publish","type":"page","link":"https:\/\/restaurant-lesailes.com\/index.php\/cgv\/","title":{"rendered":"CGV"},"content":{"rendered":"<h1><span style=\"color: #3366ff;\">Conditions G\u00e9n\u00e9rales de Vente<\/span><\/h1>\n<p>&nbsp;<\/p>\n<h3><strong>SARL SAINT GEORGES RESTAURATION<br \/>\n<\/strong><\/h3>\n<p><em style=\"font-size: 13px; line-height: 19px;\">SIRET: 418 434 742 00023 <\/em><abbr style=\"font-size: 13px; line-height: 19px;\" title=\"Restauration de type traditionnel\"><\/abbr><\/p>\n<p><em style=\"font-size: 13px; line-height: 19px;\">303 Av de Mont de Marsan<\/em><\/p>\n<p><em>33850 LEOGNAN<br \/>\n<\/em><\/p>\n<p>t\u00e9l :\u00a005 56 64 75 57<\/p>\n<p>courriel: <a href=\"mailto:contact@restaurant-lesailes.com\">contact@restaurant-lesailes.com<\/a><\/p>\n<p>&nbsp;<\/p>\n<p>Tous nos poissons et nos l\u00e9gumes sont des produits frais et nos fournisseurs font le maximum pour respecter nos approvisionnements.<\/p>\n<p>Nous ne pouvons malgr\u00e9 tout garantir la r\u00e9gularit\u00e9 des arrivages. Nous vous remercions de votre compr\u00e9hension en cas de changement de derni\u00e8re minute.<\/p>\n<p>&nbsp;<\/p>\n<p>Nous acceptons les ch\u00e8ques, les ch\u00e8ques vacances, les tickets restaurants et les Carte Bleu<\/p>\n<p>Nous ne prenons aucune r\u00e9servation par courriel, uniquement par T\u00e9l\u00e9phone.<\/p>\n<p>&nbsp;<\/p>\n<p><strong>H\u00e9bergeur du site<\/strong><\/p>\n<p>OVH<br \/>\n140 Quai du Sartel<br \/>\n59100 Roubaix \u2013 France<\/p>\n<p><strong>Droit d\u2019auteur<\/strong><\/p>\n<p>L\u2019ensemble de ce site rel\u00e8ve de la l\u00e9gislation fran\u00e7aise et internationale sur le droit d\u2019auteur et la propri\u00e9t\u00e9 intellectuelle. Tous les droits de reproduction sont r\u00e9serv\u00e9s, y compris pour les documents t\u00e9l\u00e9chargeables, les repr\u00e9sentations photographiques et les vid\u00e9os.<\/p>\n<p>La reproduction de tout ou partie de ce site, sur quelque support que ce soit, est formellement interdite sauf autorisation expresse du responsable de la publication.<\/p>\n<p>&nbsp;<\/p>\n","protected":false},"excerpt":{"rendered":"<p>Conditions G\u00e9n\u00e9rales de Vente &nbsp; SARL SAINT GEORGES RESTAURATION SIRET: 418 434 742 00023 303 Av de Mont de Marsan 33850 LEOGNAN t\u00e9l :\u00a005 56 64 75 57 courriel: contact@restaurant-lesailes.com &nbsp; Tous nos poissons et nos l\u00e9gumes sont des produits frais et nos fournisseurs font le maximum pour respecter nos approvisionnements. Nous ne pouvons malgr\u00e9 &hellip; <\/p>\n<p class=\"link-more\"><a href=\"https:\/\/restaurant-lesailes.com\/index.php\/cgv\/\" class=\"more-link\">Lire la suite de<span class=\"screen-reader-text\">\u00ab\u00a0CGV\u00a0\u00bb<\/span><\/a><\/p>\n","protected":false},"author":1,"featured_media":0,"parent":0,"menu_order":0,"comment_status":"closed","ping_status":"closed","template":"page-templates\/template-grid.php","meta":{"jetpack_post_was_ever_published":false,"footnotes":""},"class_list":["post-181","page","type-page","status-publish","hentry"],"jetpack_sharing_enabled":false,"jetpack_shortlink":"https:\/\/wp.me\/P7RqaO-2V","jetpack-related-posts":[],"_links":{"self":[{"href":"https:\/\/restaurant-lesailes.com\/index.php\/wp-json\/wp\/v2\/pages\/181"}],"collection":[{"href":"https:\/\/restaurant-lesailes.com\/index.php\/wp-json\/wp\/v2\/pages"}],"about":[{"href":"https:\/\/restaurant-lesailes.com\/index.php\/wp-json\/wp\/v2\/types\/page"}],"author":[{"embeddable":true,"href":"https:\/\/restaurant-lesailes.com\/index.php\/wp-json\/wp\/v2\/users\/1"}],"replies":[{"embeddable":true,"href":"https:\/\/restaurant-lesailes.com\/index.php\/wp-json\/wp\/v2\/comments?post=181"}],"version-history":[{"count":3,"href":"https:\/\/restaurant-lesailes.com\/index.php\/wp-json\/wp\/v2\/pages\/181\/revisions"}],"predecessor-version":[{"id":1000,"href":"https:\/\/restaurant-lesailes.com\/index.php\/wp-json\/wp\/v2\/pages\/181\/revisions\/1000"}],"wp:attachment":[{"href":"https:\/\/restaurant-lesailes.com\/index.php\/wp-json\/wp\/v2\/media?parent=181"}],"curies":[{"name":"wp","href":"https:\/\/api.w.org\/{rel}","templated":true}]}}